 prime factors of n.
5
Let x = -27 - -32. Let a(n) = n**3 - 5*n**2 + 6*n - 4. What are the prime factors of a(x)?
2, 13
Let k be 3*((-2)/2 - -2). Suppose 2*n = 3*n - 2. Suppose d = k + n. What are the prime factors of d?
5
Suppose 2*r - 3*p + 12 = 0, r + 2*r = -3*p + 12. Suppose 0*b = -2*n - b + 23, -3*n + 4*b + 29 = r. Let k = -3 + n. List the prime factors of k.
2
Let k(z) = 5*z - 6. Let u = 18 - 12. List the prime factors of k(u).
2, 3
What are the prime factors of 110 + (-5 - -3)*(-5 - -4)?
2, 7
Suppose -2*i - 2*y + 18 = 0, -2*y + 5*y - 19 = -i. Suppose -i*o - 39 = -7*o. List the prime factors of (-2)/(-2 + 0)*o.
13
Suppose -5*b + 28 = 2*h, 2*h = -2*b + b + 12. Suppose h = f - 0. Suppose f*z - 36 = z. List the prime factors of z.
2, 3
Let y = 13 + -8. Suppose 0 = 5*r + g - 22, -y = -5*g + 5. Suppose -5*s = -4*h + 79, -r*h - s = 2*s - 55. List the prime factors of h.
2
Let m(u) = -u**3 - 3*u**2 + 3*u + 6. Let n be m(-4). Suppose -3*t - 6*g - n = -g, 3*g = 4*t - 6. Suppose 10 = 2*b - t. What are the prime factors of b?
5
Suppose 5*c - 76 + 6 = 0. Suppose 4*t = 18 + c. Suppose -6 = -2*a, t*a - 16 = -2*n + 4*a. What are the prime factors of n?
2
Let q = 94 + -29. List the prime factors of q.
5, 13
Let y = 119 + -49. Suppose -3*s - 6 - 9 = 0, -3*s = 5*b - y. What are the prime factors of b?
17
Suppose 38 = z - 2. List the prime factors of z.
2, 5
Let r(q) = q**3 + 5*q**2 + q - 5. Suppose 0 = -3*o - 16 + 4. What are the prime factors of r(o)?
7
Let a = 281 + -182. What are the prime factors of a?
3, 11
Suppose 0 = x - 3 - 11. List the prime factors of 10/(-15)*(-1 - x).
2, 5
Let o(t) = 3*t**3 - 4*t**2 + t + 4. List the prime factors of o(5).
2, 71
Let z(j) = -6*j + 1. Let w be z(1). Let b be w*1*(-12)/(-30). Let k(v) = -v**3 + v**2 + v - 1. List the prime factors of k(b).
3
Let r(n) = n**3 + 3*n**2 - 4. What are the prime factors of r(2)?
2
Suppose -q = -4*q. Suppose -3*o + 12 + 12 = -5*w, 2*o + w - 16 = q. Let i = o - -2. What are the prime factors of i?
2, 5
Suppose a + 3*a = 116. Let g = a - -2. List the prime factors of g.
31
Let f = -5 + 7. Suppose f*p - 15 = -3*p. List the prime factors of p.
3
Let q(v) = v**3 + 9*v**2 - v + 11. What are the prime factors of q(-9)?
2, 5
Suppose -9 = 4*c - 41. What are the prime factors of 2 + (c - 1 - -2)?
11
Suppose 15 = 3*k, -4*n - 5*k = -0*n - 85. Suppose -r = -4*r + n. List the prime factors of r.
5
Let x = 35 + -25. What are the prime factors of x?
2, 5
Let d be 2 + 15/(3 + -6). What are the prime factors of (-28)/d*(-3)/(-2)?
2, 7
Let a(z) = -z**2 - 14*z + 8. List the prime factors of a(-11).
41
Let b = 3 - 1. Let m be (7 + -6)/(b/(-6)). What are the prime factors of (-40)/m + (-2)/6?
13
Let r = -4 + -2. Let m(l) = 4*l - 3*l + l**3 - 6*l + 1 + 6*l**2 + 3*l. What are the prime factors of m(r)?
13
What are the prime factors of -7 + 7 - (2 + -72)?
2, 5, 7
Let w be (-7 - -89) + 1 + 1. Suppose -14*u - w = -17*u. What are the prime factors of u?
2, 7
Suppose -5*m = -3*m - 12. What are the prime factors of ((-423)/27)/((-2)/m)?
47
Suppose 0 = -a + 26. Suppose -5 = -h + 32. Let r = h - a. List the prime factors of r.
11
List the prime factors of (-3020)/(-15) + 1/(-3)*4.
2, 5
Suppose -4*o + 3*o + 343 = -5*l, 0 = 4*o + 2*l - 1372. List the prime factors of (-1)/4 - o/(-28).
2, 3
Let q be 6/5*(-20)/(-8). Let w be 9/1 + 2/(-2). Suppose q*s = -s + w. List the prime factors of s.
2
Let n(r) = -24*r + 37. What are the prime factors of n(-6)?
181
Let z be 2/(-8) - (-65)/20. Suppose 3*k + p + 1 = 2*k, 0 = z*k - 5*p + 35. Let s = k - -10. What are the prime factors of s?
5
What are the prime factors of 0*(5 + -4) - -68?
2, 17
Let i be -2 - -4 - (2 - 48). Let o = i + -21. List the prime factors of o.
3
Let q be 2/(-1)*50/4. Let h = q - -41. What are the prime factors of h?
2
Let y(a) = -a**3 - 3*a**2 - 3*a + 3. List the prime factors of y(-4).
31
Suppose 6 = p + 4*i, 4*p + 4*i - 2*i - 24 = 0. List the prime factors of p.
2, 3
Let j = -6 - -12. List the prime factors of 1/j + (-339)/(-18).
19
Let n = -70 + 119. Suppose 5*r - n = 66. Let k = r + -13. What are the prime factors of k?
2, 5
Suppose i = 4*w + 20, -66 = -4*i - 4*w + 14. List the prime factors of i.
2, 5
Suppose 0 = 4*w - w - 5*v - 25, 3*w - 3*v = 21. Suppose 2*s + w*g = 34, -2*s = 3*g - 0*g - 30. What are the prime factors of s?
2, 3
Let x = 4 - 1. Suppose -42 = w - x*w. What are the prime factors of w?
3, 7
Let r(j) = 2*j + j - 3 + j**2 + 0*j. Let b be r(-4). Let u(g) = 8*g**2. List the prime factors of u(b).
2
Suppose 5*d = 26 + 29. What are the prime factors of d?
11
Let r(m) be the third derivative of -m**6/120 + 3*m**5/20 + m**4/3 - 7*m**3/2 - 3*m**2. What are the prime factors of r(9)?
3, 17
Suppose 0 = -3*p + r + 340, 7*r - 2*r = -5*p + 600. List the prime factors of p.
5, 23
Suppose 33*t - 26*t = 231. List the prime factors of t.
3, 11
Suppose 0 = 2*c - 2. Let b be (c - -2) + -14 + -3. List the prime factors of 4/b + 158/14.
11
Let w(q) = -q**3 + q**2 + q + 1. Let u(i) = 4*i**3 - 17*i**2 - 5*i + 6. Let t(y) = u(y) + 5*w(y). List the prime factors of t(-12).
11
Let s(b) = 15*b**2 + b - 1. Let g(c) = c + 1. Let p be g(0). What are the prime factors of s(p)?
3, 5
Suppose -4*g + 31 = 5*s, g - 4 = -2*s + 3. Suppose i - g = -2*i. List the prime factors of i.
3
Let o = 67 + -35. What are the prime factors of o?
2
Let n(r) = -r**2 + 7*r - 2. Let l be n(5). Suppose 3*v - l*v = -65. Suppose 15 = x - 2*s, 0 = x + s - 2*s - v. List the prime factors of x.
11
Suppose -5*m + 4*s + 763 = 0, m - 5*s + 3*s - 155 = 0. What are the prime factors of m?
151
Let b be (-38)/((0 + 1)*-1). Let g = -27 - -28. List the prime factors of b/4*2/g.
19
Suppose l + 3*k = 84, -l + 2*k + 72 = -k. What are the prime factors of l?
2, 3, 13
Suppose 4*p - y = 103, 2 = 4*y - 2*y. List the prime factors of p.
2, 13
Suppose 3*x = -19 + 241. What are the prime factors of x?
2, 37
Let b(h) = 8*h + 9. List the prime factors of b(5).
7
Suppose -4*j + j = 84. Let y = j + 57. What are the prime factors of y?
29
Suppose 3*p - 92 = -m + 53, 92 = 2*p - 4*m. Suppose -p = -7*l + 3*l. Suppose -2*z + 3*z = l. What are the prime factors of z?
2, 3
Suppose 8*u - 3*u = 20. Suppose -4 = 2*a, 2*a - 41 = -u*j + 11. List the prime factors of j.
2, 7
What are the prime factors of (10/8)/((-6)/(-48))?
2, 5
Let k be (-4)/7*(-14)/4. List the prime factors of ((-14)/(-3))/(k/21).
7
Let i = 388 - 195. Suppose 62 + i = 5*c. Suppose m - c = -2*m. What are the prime factors of m?
17
Suppose -4*i + 5*i - 18 = 0. Suppose -2*u + m - 1 = 0, -7 = -5*u - 3*m + i. List the prime factors of (u - -2) + -1 + 1.
2
Suppose -460 = -5*k + 4*s + 34, -5*k - 5*s + 485 = 0. List the prime factors of k.
2, 7
Let m(y) = y. Let u be m(5). Suppose -57 = -0*j - 3*j. Suppose 0 = -2*p + 3*p - 3*o + 5, p + u*o - j = 0. What are the prime factors of p?
2
Suppose 0 = 4*k - 3*m - 300, 3*k + 5*m = 96 + 158. List the prime factors of k.
2, 3, 13
Suppose 0*n = n - 29. What are the prime factors of n?
29
Let w(l) = -l + 1. Let m be w(-3). Let o = m + 8. What are the prime factors of o?
2, 3
Let b(w) = -w**3 - w**2 - w - 6. Let p be b(0). List the prime factors of 5*(p/(-5) + 0).
2, 3
Let q(n) = -n**3 + 9*n**2 + 4*n + 5. List the prime factors of q(8).
101
Let m(i) = -i**3 + 8*i**2 + 6*i - 13. Let f be m(9). Let d = f + 69. List the prime factors of d.
29
Let q(t) be the second derivative of 1/3*t**3 + 0 - 3/2*t**2 + 2*t. What are the prime factors of q(3)?
3
Let g(h) = 3*h**2 + 2*h - 25. What are the prime factors of g(8)?
3, 61
Let o = -10 - -12. Suppose 0 = -2*m + 6*c - 2*c + 24, 10 = -o*c. What are the prime factors of m?
2
What are the prime factors of 9716/52 - (-2)/13?
11, 17
What are the prime factors of 261/(-18)*8/(-2)?
2, 29
Suppose 2*f + 1 = -13. Suppose 4*l = -0 + 8. What are the prime factors of ((-7)/f)/(l/24)?
2, 3
Suppose 4*d - 5*o = -o + 80, 4*d = -3*o + 52. Suppose -3*a = z - d, -4*a = 5*z + 2 - 5. Suppose -2*w + 5 = -a. What are the prime factors of w?
2, 3
Let r(k) = 4*k + 50. List the prime factors of r(7).
2, 3, 13
Suppose 0 = u - 3*u + v - 4, 0 = u + 4*v + 11. Suppose 2*k + 2 + 0 = 0. List the prime factors of (1/u)/(k/27).
3
Suppose -h = n - 0*n, 4*h - n = -25. Let b be (-4 - -3)*h*3. Suppose 4*z = -0*w + w - 7, -3*z - b = 